g + 537 = -683, 0 = t + g - 1211. Suppose -5*o + 833 = -u - t, 5*u + x = o. Is o composite?
False
Let q be (-13)/2 + 13/26. Is 1937 - (0 - (-4 - q)) prime?
False
Let j(n) = 297*n**2 - 3*n + 12. Let h be j(4). Suppose -1356 = -2*i + m + 545, -h = -5*i + 3*m. Is i prime?
False
Suppose 2*m - 4*r = 117770, 3*r - 235562 = 9*m - 13*m. Is m a prime number?
True
Let l(t) = -1743*t - 110. Is l(-5) a composite number?
True
Suppose 10*g = 16*g - 24. Suppose 5*h - 4*b = 962, 4*h - 3*h + g*b = 202. Is h a prime number?
False
Let z(w) = -5*w**2 - 3*w + 7. Let k be z(-5). Let x = -50 - k. Is x prime?
True
Let h be (-4)/(-14) + (-5524)/28 + 2. Let a = 304 + h. Is a prime?
True
Suppose 2*a = -2*a - 4*f - 100, -5*f + 25 = -a. Is 100 - (-5)/(a/15) composite?
False
Let a(d) = -2 + 2*d + 1 - 8. Let y be a(6). Suppose 0 = y*p + 2*l - 149, -p + 3*l = 5*l - 55. Is p a composite number?
False
Let y = 25 - 11. Suppose 2*l + 2*w = y, 2*l - 5*w = -w - 16. Suppose -l*s - 4*t = -618, s - 2*s + 310 = 3*t. Is s a composite number?
False
Let o(y) = 5*y**2 + 3*y - 2. Suppose 0*p = 2*p + 24. Let x = -15 - p. Is o(x) composite?
True
Suppose 4*n - 49888 = 2*j, 3*n - 31772 - 5637 = 5*j. Is n composite?
False
Let d be (5 - 3)*3/(-2). Let s = d + 6. Suppose -2*a - 2*b = -604, -70 = -3*a + s*b + 818. Is a a composite number?
True
Let d be 10/4*8/10. Suppose -d*n = -3*h + h - 50, 0 = n + 5*h + 5. Is 0 - (-5)/(n/1228) prime?
True
Let o be ((-40336)/(-12))/((-2)/(-9)). Suppose -4*n = 2*n - o. Is n a composite number?
False
Let r = -47 - -68. Is (-2050)/(-75)*r/2 prime?
False
Let f(z) = 4*z - 20. Let i be f(4). Is -2*(0 - (-446)/i) prime?
True
Let q(w) be the third derivative of 83*w**4/8 + 5*w**3/3 - 13*w**2 + 6. Let j be 4/(-6) - (-17)/3. Is q(j) a prime number?
False
Is 3/1*(-1)/(3/(-9745)) composite?
True
Suppose -5*m + 49597 = -0*p - 3*p, 2*m - 19814 = -5*p. Is m a composite number?
True
Let c(m) = 4*m**2 + 3*m**2 - 4*m**2 - 4 - 8*m. Let x = -109 - -106. Is c(x) composite?
False
Suppose 2*n - n - 12 = 0. Suppose -n*b + 9*b + 147 = 0. Is b prime?
False
Let h be (-14 - -16)*(738/4 + -1). Let g be ((-367)/3)/((-1)/3). Let f = h + g. Is f composite?
True
Suppose 9*o - 338772 = 111885. Is o a prime number?
False
Let d = -24 - -30. Suppose d*h - 2*h = 11496. Is h/9 - (-2)/(-6) a prime number?
False
Let z(l) = -3*l**3 + 22*l**2 - 18*l + 11. Is z(-12) a composite number?
True
Suppose 0 = g - 10*v + 8*v - 19626, 0 = 3*g - 5*v - 58876. Is g prime?
False
Suppose 0 = 3*y + 2*u + 1, 0 = 3*y - u - 0*u - 14. Suppose -4*n - 20 = 4*f, -15 = y*n - 5*n + 3*f. Is -4 + (1653/3 - n) a composite number?
False
Let a = 3 - 0. Let h(r) = r**a + 7*r**2 + 11*r**2 - 4*r**2 + 4*r - 12*r - 17. Is h(-14) composite?
True
Is 3*(-6 + 14114/6) prime?
True
Let f(j) = j + 340*j**3 + 5*j - 5*j. Let t be f(1). Let i = t - 34. Is i prime?
True
Let w = 1738 + 1500. Is w composite?
True
Suppose 5*w + 2*n - 62365 = 0, -65*w + 49892 = -61*w + 3*n. Is w prime?
True
Let u = -1289 - -5068. Is u a prime number?
True
Let v = -11069 - -17480. Is v a prime number?
False
Let q be 21 - (-1 + (-2)/(-2)). Is 9/q - (-81956)/49 a prime number?
False
Suppose 10*b - 57172 = 6*b. Is b a composite number?
False
Let p(z) = 7*z**3 + 3*z**2 - 6*z - 43. Is p(10) composite?
True
Is (-3)/(6/(-556))*3/2 prime?
False
Suppose -11 = -g + 3*s + 2, s = 4*g - 85. Let m = g - 18. Suppose 0 = m*p - 7*p + 177. Is p prime?
True
Suppose 0 = 4*w - 16. Suppose -2*k + k = -w*t - 731, 0 = -2*k - 2*t + 1502. Suppose 3*m - 1938 = -k. Is m prime?
True
Suppose -2*g = 3*q + 3, -4*g - q = q - 14. Let p be (2108/(-12))/((-2)/g). Let n = -316 + p. Is n composite?
False
Let j = 11 + -1. Suppose -14*z + 28 = -j*z. Is z composite?
False
Let d(n) = -n**3 - 15*n**2 - 22*n + 29. Is d(-14) composite?
True
Let m = -10 + 17. Suppose m*p = 2*p + 6415. Is p composite?
False
Let p be 1 + 7 + -2 + 0. Let j(l) = 91*l**2 - 41*l**2 + l**3 - 9*l + 7 - 42*l**2. Is j(p) a prime number?
True
Suppose 12*x - 100701 = 3*x. Is x composite?
True
Let l(p) = -196*p - 6 + 2 - 5. Is l(-6) composite?
True
Suppose 0 = -8*m + 5*m + 3. Is 280/3 - m/3 prime?
False
Let j(h) = 3*h**2 + 4*h - 1. Suppose -3*b = -4*u + 8, -2*b + 2*u + 1 = 3. Suppose i + b*i = -20. Is j(i) a prime number?
True
Suppose -2*v - 637 = 3*v + 4*g, -g - 628 = 5*v. Let c = 5 - v. Suppose 2*s - c = -0*s. Is s a prime number?
False
Let m = -13128 + 39211. Is m prime?
True
Is (-6)/((-90)/73453) - (-4)/30 a prime number?
False
Let c(r) = -r**3 + r**2 + 5*r + 1. Let n be c(-2). Suppose -n*o - 8*o = -3377. Is o a prime number?
True
Suppose 37*m - 39*m - 5*u + 6753 = 0, 4*m + 2*u - 13546 = 0. Is m a composite number?
False
Suppose 44*i = 38995 + 88561. Is i prime?
False
Let v(b) = -b**3 + 5*b**2 - 3*b - 2. Let k be v(4). Suppose 5*w = 2*a - 407, w - 3*w = -k*a + 392. Is a a composite number?
False
Let o be ((-24)/(-14))/(4/14). Suppose 2*f = -5*a - 9, 4*a = 2*a - o. Suppose i = -3*q + 13, -i = -q - 2 - f. Is i composite?
False
Suppose 5 = -3*z + 32. Suppose 402 = z*u - 3*u. Is u a prime number?
True
Let c be 0/(-1)*(-4)/(-8). Suppose c = 11*w - 8619 + 776. Is w composite?
True
Let g = 64747 + -45684. Is g composite?
True
Let x = 3378 - 1481. Is x a prime number?
False
Let q = 175 + -174. Is 0 - ((-11795)/5)/q a prime number?
False
Let h = -3031 + 4980. Is h a prime number?
True
Let b(g) = -g**3 - 20*g**2 + 14*g - 13. Suppose -4*s - 87 = p - 0*p, 0 = 4*p + 12. Is b(s) prime?
False
Let w = -2503 + 6246. Is w composite?
True
Let s(d) = 18*d**3 - 26*d**2 + 23*d + 24. Is s(11) a prime number?
True
Let m(y) = -94*y**3 + 2*y**2 + y + 74. Is m(-7) prime?
False
Let c(w) be the first derivative of w**4/4 - 4*w**3/3 - 7*w**2/2 - 5*w - 2. Let g be c(6). Let k = g - 11. Is k a prime number?
False
Let b = -373 - -59. Let a = b - -631. Is a a composite number?
False
Let u(d) = 8855*d - 138. Let c(r) = 322*r - 5. Let y be (-3)/(-9) - 48/9. Let w(j) = y*u(j) + 138*c(j). Is w(1) composite?
True
Let j(z) = 10*z + 25. Let y be j(-6). Let s = y + -234. Let m = s - -660. Is m a prime number?
False
Is -3*(-2 - -1)*(-1842)/(-18) prime?
True
Let k = 7637 - -722. Is k a prime number?
False
Let d(s) = -118*s**2 + s - 2. Let j be d(1). Let n = 174 + j. Is n a prime number?
False
Let c = 73843 - 28026. Is c a composite number?
False
Let g be -2*(-305)/2 - 4. Let p = -98 + g. Is p a prime number?
False
Suppose 70 = 3*x + 2*x - 4*u, -4*x - 4*u + 20 = 0. Suppose -10 - x = -5*b. Suppose -3 = b*l + 1, 5*t = -l + 324. Is t composite?
True
Let s(r) = 14*r**3 + 12*r**2 + 5*r + 8. Let h(q) = 5*q**3 + 4*q**2 + 2*q + 3. Let y(c) = -11*h(c) + 4*s(c). Suppose -z = z + 8. Is y(z) a composite number?
False
Is 8 + 17965/35 + (-2)/7 composite?
False
Suppose -2*p + p + 10 = 0. Suppose k = -3*l - 2010 + 5231, 0 = -5*k + p. Is l composite?
True
Suppose s - 8 = -2*b, -3*b = 4*s - 6*b + 1. Is 116 - (-6)/s - 4 prime?
False
Let r(m) = 266*m**2 - 2*m - 1. Let y(f) = f**3 + 2*f**2 - 2. Let w be y(0). Is r(w) a prime number?
False
Suppose 0 = -18*w + 96590 - 27344. Is w a composite number?
False
Suppose 5*i = -5*c + 13750, 4*i + 782 - 11758 = 4*c. Is i a prime number?
False
Let i = 37 + -34. Let q be (63/6)/(i/654). Let k = -1228 + q. Is k composite?
False
Suppose 15133 = 4*d - 2*m - 62989, 2*d - 3*m = 39059. Is d prime?
True
Let w = -14 - -16. Is (-2495)/15*(-1 - w) a composite number?
False
Let u(g) = -19*g**3 + 5*g**2 - g - 2. Let c(r) = 57*r**3 - 16*r**2 + 3*r + 6. Let k(z) = 2*c(z) + 7*u(z). Let m be k(2). Let j = m + 221. Is j prime?
False
Suppose 4*y = y + 2151. Suppose 3*q = 2*z - 1499, -2*q - z - 2520 = 3*q. Let d = q + y. Is d prime?
False
Let g(l) = -26*l + 4. Let a be g(-3). Suppose 122*i = 118*i - 244. Let o = a - i. Is o composite?
True
Suppose 4*t - 3*f = 38, 4 = f - 3*f. Suppose t*i - 5*q - 2310 = 3*i, -2*i + 919 = -3*q. Is i composite?
False
Let m(k) = -223*k + 69. Is m(-16) prime?
True
Suppose 19*m - 69028 = 15*m. Is m a prime number?
True
Let u = 34802 + -18723. Is u prime?
False
Suppose -5*t + 2683 = -387. Is t a prime number?
False
Let t(q) be the first derivative of -q**6/360 + 23*q**4/12 - 4*q**3/3 + 2. Let w(a) be the third derivative of t(a). Is w(0) a composite number?
True
Is 72069/(-2)*-2 - (-2 - 2) a prime number?
True
Suppose 13*d - 235666 = 7447. Is d prime?
True